 is divided by 77103?
212
Calculate the remainder when 2162686 is divided by 135162.
94
What is the remainder when 68075 is divided by 67691?
384
What is the remainder when 8153999 is divided by 115?
39
What is the remainder when 58691 is divided by 18701?
2588
What is the remainder when 3505394 is divided by 23683?
310
What is the remainder when 1601037 is divided by 1419?
405
What is the remainder when 103878873 is divided by 17?
16
Calculate the remainder when 337887 is divided by 336.
207
What is the remainder when 1661689 is divided by 5851?
5
Calculate the remainder when 3444771 is divided by 42.
15
Calculate the remainder when 30153 is divided by 14246.
1661
Calculate the remainder when 1744143 is divided by 1046.
461
What is the remainder when 4696591 is divided by 5945?
41
Calculate the remainder when 53444 is divided by 105.
104
Calculate the remainder when 1990450 is divided by 3627.
2854
What is the remainder when 2325815 is divided by 68?
11
What is the remainder when 80084 is divided by 282?
278
Calculate the remainder when 171840758 is divided by 73.
72
What is the remainder when 184028 is divided by 164?
20
Calculate the remainder when 356689 is divided by 112.
81
What is the remainder when 2533410 is divided by 2106?
1998
Calculate the remainder when 20290 is divided by 215.
80
Calculate the remainder when 19776186 is divided by 6182.
6150
Calculate the remainder when 149467 is divided by 4666.
155
What is the remainder when 406803 is divided by 290?
223
What is the remainder when 20239 is divided by 18483?
1756
What is the remainder when 1960333 is divided by 273?
193
What is the remainder when 2792251 is divided by 6696?
19
What is the remainder when 8485032 is divided by 133?
31
What is the remainder when 977197 is divided by 2226?
2209
Calculate the remainder when 27150 is divided by 368.
286
What is the remainder when 1947889 is divided by 814?
801
What is the remainder when 2163450 is divided by 216?
210
What is the remainder when 134377053 is divided by 6481?
6480
Calculate the remainder when 6432824 is divided by 83.
75
Calculate the remainder when 5316877 is divided by 9632.
13
What is the remainder when 116221 is divided by 115743?
478
What is the remainder when 6271046 is divided by 1567760?
6
What is the remainder when 7656024 is divided by 59348?
132
Calculate the remainder when 563067 is divided by 2746.
137
Calculate the remainder when 76877 is divided by 12785.
167
Calculate the remainder when 92466 is divided by 23087.
118
Calculate the remainder when 1347614 is divided by 149730.
44
What is the remainder when 830973 is divided by 2693?
1529
Calculate the remainder when 172522 is divided by 2467.
2299
What is the remainder when 132011 is divided by 449?
5
Calculate the remainder when 502876 is divided by 9129.
781
What is the remainder when 2435139 is divided by 811711?
6
Calculate the remainder when 10499943 is divided by 6094.
6075
What is the remainder when 16786206 is divided by 322?
24
What is the remainder when 21413828 is divided by 9672?
20
Calculate the remainder when 26281 is divided by 8751.
28
What is the remainder when 4338030 is divided by 528?
510
Calculate the remainder when 21625755 is divided by 462.
459
Calculate the remainder when 3344555 is divided by 557403.
137
Calculate the remainder when 27574507 is divided by 9191491.
34
Calculate the remainder when 15815911 is divided by 23712.
7
What is the remainder when 5856752 is divided by 534?
374
What is the remainder when 220597 is divided by 220238?
359
Calculate the remainder when 74997860 is divided by 38.
34
Calculate the remainder when 26937 is divided by 230.
27
Calculate the remainder when 29808538 is divided by 3966.
82
What is the remainder when 6224478 is divided by 389027?
46
Calculate the remainder when 34437683 is divided by 17218795.
93
What is the remainder when 33306 is divided by 3712?
3610
Calculate the remainder when 643797 is divided by 4351.
4200
Calculate the remainder when 1431147454 is divided by 576.
574
What is the remainder when 21919403 is divided by 67?
18
What is the remainder when 6928805 is divided by 21518?
9
Calculate the remainder when 300664 is divided by 9395.
24
Calculate the remainder when 8815 is divided by 742.
653
What is the remainder when 1897658 is divided by 271080?
98
What is the remainder when 47877424 is divided by 35944?
16
Calculate the remainder when 1532361 is divided by 108.
57
What is the remainder when 229204349 is divided by 16?
13
Calculate the remainder when 1508900 is divided by 47143.
324
Calculate the remainder when 1017421 is divided by 23.
16
What is the remainder when 185778 is divided by 11556?
882
Calculate the remainder when 20329390 is divided by 69.
58
Calculate the remainder when 742117 is divided by 871.
25
Calculate the remainder when 4619204 is divided by 13160.
44
Calculate the remainder when 19143129 is divided by 4871.
99
What is the remainder when 3038229 is divided by 29?
15
Calculate the remainder when 492347 is divided by 5379.
2858
What is the remainder when 17800941 is divided by 2033?
2026
Calculate the remainder when 1835779 is divided by 3138.
49
What is the remainder when 253241 is divided by 41?
25
Calculate the remainder when 14988175 is divided by 1304.
1303
What is the remainder when 5131385 is divided by 39?
38
Calculate the remainder when 1020235 is divided by 3683.
44
What is the remainder when 859703 is divided by 78148?
75
Calculate the remainder when 66765397 is divided by 15.
7
Calculate the remainder when 48299629 is divided by 619226.
1
Calculate the remainder when 6347364 is divided by 5693.
5362
What is the remainder when 2048676 is divided by 409633?
511
Calculate the remainder when 672730 is divided by 2551.
1817
What is the remainder when 777764 is divided by 1018?
12
What is the remainder when 605735 is divided by 376?
375
What is the remainder when 18153267 is divided by 940?
927
What is the remainder when 53978585 is divided by 221?
219
Calculate the remainder when 270702373 is divided by 409.
406
Calculate the remainder when 93177183 is divided by 138.
135
Calculate the remainder when 22246 is divided by 506.
488
Calculate the remainder when 16436 is divided by 7103.
2230
What is the remainder when 74379035 is divided by 1315?
5
Calculate the remainder when 503488 is divided by 13975.
388
What is the remainder when 344732 is divided by 85884?
1196
What is the remainder when 34918 is divided by 127?
120
What is the remainder when 451192679 is divided by 81?
80
What is the remainder when 34983693 is divided by 23?
3
What is the remainder when 3579301 is divided by 13613?
12695
What is the remainder when 97655 is divided by 7453?
766
Calculate the remainder when 792897 is divided by 198220.
17
Calculate the remainder when 2208313758 is divided by 38.
36
Calculate the remainder when 3171046 is divided by 4291.
4288
Calculate the remainder when 518847 is divided by 6900.
1347
Calculate the remainder when 271121 is divided by 1633.
43
What is the remainder when 297940790 is divided by 49?
14
What is the remainder when 5488670 is divided by 348?
14
What is the remainder when 40525072 is divided by 339?
334
Calculate the remainder when 183110 is divided by 67.
66
Calculate the remainder when 395290 is divided by 93.
40
What is the remainder when 111559 is divided by 8540?
539
Calculate the remainder when 143080326 is divided by 3404.
3398
Calculate the remainder when 1171436 is divided by 234256.
156
What is the remainder when 271312 is divided by 11?
8
What is the remainder when 3533149 is divided by 3381?
4
What is the remainder when 5630665 is divided by 2771?
2764
What is the remainder when 5580862 is divided by 242645?
27
What is the remainder when 374152 is divided by 1473?
10
Calculate the remainder when 65157 is divided by 16076.
853
What is the remainder when 41398141 is divided by 45?
31
What is the remainder when 9026109 is divided by 24934?
1
What is the remainder when 240641 is divided by 6329?
139
Calculate the remainder when 570906 is divided by 570488.
418
Calculate the remainder when 1675972 is divided by 79808.
4
Calculate the remainder when 161836 is divided by 1571.
23
Calculate the remainder when 50842 is divided by 8